*p. Let r be q(o). Suppose r*v - b - 160 = -3*b, 0 = -v - 4*b + 50. What are the prime factors of v?
2, 3, 5
Let w(m) = m**3 - 4*m**2 - 4*m + 11. Let x be w(10). Let z = x - 281. List the prime factors of z.
2, 5, 29
Suppose -14653*l + 20058 = -14652*l. What are the prime factors of l?
2, 3, 3343
Suppose 0 = -2*w - 3*w - 5*d + 40, 4*w = -2*d + 24. Suppose 3*i + 5*r - 320 = 0, 5 = w*r - 11. List the prime factors of i.
2, 5
Suppose -57 = 2*p - 49. Let v be (23/p)/((-3)/12). Suppose v*l + 1351 = 30*l. What are the prime factors of l?
193
Let m(y) = 7*y**2 + 7*y - 14. Let s be m(7). Let r = -8 + s. What are the prime factors of r?
2, 5, 37
Suppose 138*j - 577120 = 259874 - 65988. List the prime factors of j.
37, 151
List the prime factors of (2620/(-120) - -22) + 54334/12.
2, 283
Let p(s) = 95*s + 261. Let x(k) = -191*k - 519. Let o(r) = -13*p(r) - 6*x(r). List the prime factors of o(-16).
5, 229
Let l(x) be the third derivative of x**5/20 - x**4/24 - 13*x**3/2 + 7*x**2 - 3*x. What are the prime factors of l(6)?
3, 7
Let g be 27/15*5 + 8/(-2). List the prime factors of (g/5)/(-1)*-353.
353
Let x(j) = j**2 + 3*j - 11. Let u be x(5). Let c = u + -30. What are the prime factors of 29 + 20/(-5)*c?
3, 11
Let v = 6679 + -6675. Let x be 1211/4 + 3/12. Suppose -x - 665 = -v*y. List the prime factors of y.
2, 11
Let b(i) = -i**3 - 8*i**2 - 7*i - 14. Let k be b(-7). Let y(a) = -a**2 - 19*a - 28. Let j be y(k). What are the prime factors of 4/(20/(-15)) + j + 1?
2, 5
Let z = 32053 - 6528. List the prime factors of z.
5, 1021
Let z be (-54)/(-3) + (-10 - -12). Suppose 32*s = z*s + 4104. What are the prime factors of s?
2, 3, 19
Let j(d) = 157*d**3 - 30*d**2 + 121*d - 17. What are the prime factors of j(4)?
3, 5, 223
Suppose -10*a + 30*a + 3340 = 0. Let i = a + 342. What are the prime factors of i?
5, 7
Let j(u) = -97*u**3 + 30*u**2 + 136*u - 27. What are the prime factors of j(-5)?
2, 3, 13
Let y(u) = u**2 - 9*u + 16. Let j be y(7). Suppose 0 = 25*h - 23*h - 344. Suppose 44 = j*l - h. What are the prime factors of l?
2, 3
Let o(s) = -1053*s - 405. Let q(n) = -2*n - 1. Let v(u) = o(u) - 324*q(u). List the prime factors of v(-3).
2, 3, 7
Let v = 1156 - -628. Let g = 2781 - v. List the prime factors of g.
997
Suppose 54581 = 3*z - g, -5*z = 4*g + 14746 - 105669. List the prime factors of z.
18191
Let z = -39 - -43. Suppose -z*p + b = -2*b - 735, 5*p = 5*b + 920. Let a = -102 + p. List the prime factors of a.
3
Suppose -4*w + i + i = -22, i = -2*w + 5. Suppose -f - q = -0*q - w, 2*q + 22 = 3*f. List the prime factors of 2*289/f - 8/24.
2, 3
Let z = 15342 - 1654. What are the prime factors of z?
2, 29, 59
Let v = 58 - 48. Suppose x - 5*r - 340 = 0, -7*x + v*x + 5*r - 980 = 0. What are the prime factors of x?
2, 3, 5, 11
Let w = 58 - 63. Let u(i) = 2*i**2 + 2*i + 2. Let q be u(w). Let r = 70 - q. What are the prime factors of r?
2, 7
What are the prime factors of (1 - 2)/(-6*(-9)/(-29322))?
3, 181
Suppose -6*x = 2 - 20. Suppose 6*s - 721 = 4*s + x*i, 0 = -4*s - i + 1421. List the prime factors of s.
2, 89
Let q(r) = r**3 - 3*r**2 + 1. Let x be q(3). Let m = x - -226. What are the prime factors of m?
227
Let b = -6583 + 74666. What are the prime factors of b?
103, 661
Let p = -8457 - -33471. What are the prime factors of p?
2, 3, 11, 379
Suppose 0 = 2*r - 6. Suppose -4*o - o - 2*y = -22, r*o = 5*y + 7. Suppose 0 = -4*h + 5*s + 147, o*h - 2*s - 177 = -3*s. List the prime factors of h.
43
Suppose -4*u = -5*u - 37. Let a = u - -37. Suppose a = -2*j + j + 34. What are the prime factors of j?
2, 17
Let t(a) = 127*a**2 + 36*a + 303. List the prime factors of t(-6).
3, 1553
Let q be ((-561)/(-6) + 2)/(3/(-30)). Let t = q + 1423. List the prime factors of t.
2, 3, 13
Let n(a) = 23*a**2 + 2*a + 12858. List the prime factors of n(0).
2, 3, 2143
Let x = -267 - -276. Let a(z) = 7*z**2 - 7*z + 30. What are the prime factors of a(x)?
2, 3, 89
Suppose 2*m = 2*i - 10, 4*m + 4*i - 1 = i. Let c(h) = -h. Let y be c(m). What are the prime factors of y*(10 - (1 - -2))?
2, 7
Suppose 2719*p - 467682 = 2713*p. List the prime factors of p.
23, 3389
What are the prime factors of 442011/33 + 80/110 + -1?
2, 37, 181
List the prime factors of ((-3)/(-4) + (-3)/12)*153254/19.
37, 109
Let k(f) = -27*f**2 + 5*f - 44. Let s be k(13). Let n = s - -10800. What are the prime factors of (n/(-63))/((-2)/3)?
149
Suppose -346*q + 349*q - 4*d = 48826, 5*q = 4*d + 81366. What are the prime factors of q?
2, 5, 1627
Suppose -5*m - 5*s + 55 = 0, 4*s - 8 + 3 = -m. Suppose -m*r + 3437 = -2764. List the prime factors of r.
3, 53
Let m = 182 - 106. Suppose 0 = 7*d - 197 - m. List the prime factors of -1*(d + 0)*-3.
3, 13
Suppose -5*z + 5630 = 2*c, 0 = -3*z - 3*c + 7*c + 3352. Suppose 5*i - 4*w - z = 0, i - 3*i + 460 = w. What are the prime factors of i?
2, 3, 19
Let w = 39 + -33. Let i be (2072/(-21))/((-2)/w). Suppose n = -4*x - 3*n + i, -4*n = 8. What are the prime factors of x?
2, 19
Suppose 8*u = v + 11*u - 28055, -4*u - 84087 = -3*v. What are the prime factors of v?
23, 53
Let i be ((-6)/14)/(63/(-441)). Suppose i*r + a = 3472, 0*a - 4631 = -4*r - a. List the prime factors of r.
19, 61
Let c(l) = 3*l**2 + 7*l + 14. Let h be c(-6). Let m be 912/h + (-6)/(-10). List the prime factors of 162/5*30/m.
3
Let m be (-7)/(84/8)*-18. Let w be m*(-3 - 325/(-15)). Suppose d + 76 = w. What are the prime factors of d?
2, 37
Let c(r) = 2*r + 18. Let f be c(-4). Suppose f*u - 1100 = -100. What are the prime factors of u?
2, 5
Suppose 2*z + z = 5*l + 12, 4*z = 3*l + 16. Suppose 2*p + 326 = 4*a + 948, 4*p - 1232 = -z*a. List the prime factors of p.
3, 103
Let z(g) = g**3 - 19*g**2 + 14*g - 7. Let b be z(18). Let w = b + 69. What are the prime factors of ((-486)/6)/(3/w)?
2, 3, 5
Let n = 132642 - 76089. List the prime factors of n.
3, 7, 2693
Let x = -4279 + 4966. List the prime factors of x.
3, 229
Suppose -14*q + 1844 = 6408. Let b = q - -670. What are the prime factors of b?
2, 43
Suppose 3*a - 27230 = -2*i, 0 = 119*a - 117*a + 2*i - 18152. List the prime factors of a.
2, 3, 17, 89
Let f = 13 + -13. Suppose f = -3*i + 14 + 34. What are the prime factors of (-424)/(-10) - i/40?
2, 3, 7
Suppose -3*s = 3, -81 = 2*v - 6*s + 3*s. Let x = v + 45. Suppose -2*h + x = -73. List the prime factors of h.
2, 19
Let o be 8 + (-6)/(9/(-3)) + -1. Suppose 13*u + 292 = o*u. Let z = -55 - u. List the prime factors of z.
2, 3
Suppose 6*b = 31 - 1. Suppose -b*a + 2072 = 9*a. What are the prime factors of a?
2, 37
Suppose 0 = 2*q + q - 12, 3*q = -2*p + 28. Suppose p*r + 53 = -43. List the prime factors of ((-51)/r)/(1/20).
5, 17
Let g(f) = -19*f + 3. Let c be g(2). Let r = 928 + -735. Let z = r + c. What are the prime factors of z?
2, 79
Suppose -4*d = -2*a - 13 - 13, 0 = 4*d + 4*a - 56. Let r(o) = o**2 + 6*o + 5. Let j be r(-5). Suppose j = -d*c + 747 - 45. What are the prime factors of c?
2, 3, 13
What are the prime factors of (920/(-3))/((-48)/648)?
2, 3, 5, 23
Suppose -239050 = y - 71*y. What are the prime factors of y?
5, 683
Let g = -75 - -2877. List the prime factors of g.
2, 3, 467
Let i(w) = -24*w**3 - 72*w**2 + 52. List the prime factors of i(-10).
2, 11, 383
Let x(n) = 39*n**3 - 5*n**2 - 3*n - 5. Let f(o) = o**3 - o**2 + o. Let j(i) = -3*f(i) + x(i). Let z be j(-2). Let y = z - -431. What are the prime factors of y?
2, 71
Suppose 4 = x - 17. Suppose 4*p + x = 37. Suppose -p*m = 5*a - 291, 4*m + 3*a - 294 = a. What are the prime factors of m?
2, 37
Suppose -3*u - 7 = u - 3*s, -4*u - s + 13 = 0. Let w(b) = 6*b + 3*b**u + 21 + 2*b**2 - 4*b**2 + 1. List the prime factors of w(-13).
113
Let r(p) = -189*p - 71. Let h be r(-5). Let s = 883 + h. List the prime factors of s.
7, 251
Let t be 1/(-2) - ((-570)/12)/19. What are the prime factors of 400/(-3)*(-120)/25 + t?
2, 3, 107
Suppose 14*c + 12272 = 512. Let y = 1223 + c. List the prime factors of y.
383
List the prime factors of (-352)/6*(-11 + 23 + -192).
2, 3, 5, 11
Let j(m) = 232*m + 20. Let f = 365 - 364. What are the prime factors of j(f)?
2, 3, 7
Suppose -137 = 5*j - 122, 0 = -3*l - 3*j + 31167. What are the prime factors of l?
2, 3, 433
Suppose -5*u = v - 7, -4 = v - u - 5. Suppose h + h - v = 0. What are the prime factors of (0 - h)/(2/(-424)) + -1?
211
Suppose 23*q - 96 = 19*q.